se -67 + 243 = 22*z. Let t be 6*(-4)/z + 115. What is the highest common factor of t and 84?
28
Suppose -4*z - 5*b = -123, -z + 52 = -3*b - 0. Let w = 276 - 17. Calculate the greatest common divisor of z and w.
37
Suppose -57264 + 308244 = 235*j. What is the greatest common factor of j and 16?
4
Let x(h) = 67*h - 351. Let n be x(6). Let a be (2 + 0)*9/6. Suppose 417 = a*b - n. What is the highest common factor of 12 and b?
12
Let a = -28878 + 28923. What is the greatest common divisor of 3825 and a?
45
Let w(m) = 2*m - 27. Let g be w(13). Let d be (g*(-2)/(-4))/(1/(-28)). What is the highest common divisor of 77 and d?
7
Let h = -382 - 128. Let d be (h/(-24))/((-5)/(-20)). What is the greatest common divisor of d and 17?
17
Let l(x) = -x**3 + 28*x**2 + 28*x + 29. Let b be l(29). Suppose b = -20*q + 13*q + 868. Suppose u + 3*u = 124. What is the greatest common divisor of q and u?
31
Let p = -9810 - -9865. Calculate the highest common divisor of 625 and p.
5
Let k = 78 - 66. Let u be 5*(k/18 - (-1)/(-15)). Let v(q) = 2*q**3 - 4*q**2 + 2*q + 6. Let p be v(u). What is the highest common divisor of p and 18?
6
Suppose -4246*a - 42 = -4248*a. What is the greatest common divisor of a and 1323?
21
Let l(v) = v**3 + 42*v**2 + 115*v + 26. Let m be l(-38). Calculate the greatest common factor of 8 and m.
8
Let r = 148 - 214. Let s be (-2 - 4)/(-1)*r/(-12). Calculate the highest common divisor of 22 and s.
11
Suppose -73*w + 27 = -71*w - 5*o, 2*w - 37 = -5*o. Suppose 13*c - w*c + z + 65 = 0, 4*c + 3*z = 78. What is the greatest common factor of c and 189?
21
Let f(j) = -j**3 + 32*j**2 + 500. Let r be f(32). What is the greatest common factor of r and 125?
125
Let c(y) = -22*y - 20. Let i be c(-1). Suppose -i*h - 2*n + 96 = 0, 0 = 3*h - 0*h - 2*n - 144. Calculate the greatest common divisor of 624 and h.
48
Let d(h) = -h**3 - h + 6. Let k be d(-5). Suppose 0 = 97*w - 233 - 543. Calculate the greatest common factor of w and k.
8
Suppose 0 = 4*c - 4*m + 28 - 104, c - 27 = 3*m. Let o be (-3)/c - (-156)/5. Let j = o + -19. What is the greatest common factor of j and 6?
6
Let h(b) = -3*b**3 - 64*b**2 + 31*b - 230. Let f be h(-22). Calculate the highest common factor of f and 788.
4
Let v = 4837 + -4811. Calculate the greatest common factor of v and 3926.
26
Let i = -38715 + 38869. What is the greatest common divisor of i and 3982?
22
Suppose t - 5*t + 1596 = 4*c, 4*t = 4*c - 1572. Suppose -l + 2*o = -6, -200*l - 2*o = -197*l - 42. What is the highest common factor of l and c?
12
Let y(s) = 56 - 7*s + 62 - 21. Let t be y(11). Let a be ((-153)/3 + 1)/(-1). What is the highest common divisor of a and t?
10
Let u(l) = 32*l - 563. Let o be u(64). What is the greatest common factor of 77 and o?
11
Let m(u) = -5*u**2 + 38*u + 34. Let y be m(10). Let w be (-1)/5 - y/5. Let k = 61 - 10. What is the highest common divisor of k and w?
17
Let x(c) = 2*c**2 + 71*c - 475. Let f be x(8). Calculate the highest common factor of f and 1751.
17
Let t(m) = m**2 - 16*m - 7. Let x(l) = l**3 - 13*l**2 - 12*l - 11. Let h be x(14). Let j be t(h). Calculate the highest common factor of 80 and j.
10
Suppose 4*i + 7*a - 3*a - 2844 = 0, 5*i + a - 3567 = 0. What is the greatest common divisor of i and 42?
42
Let m be (-4)/(-7) - 16484/(-14). Suppose -34*n + m - 56 = 0. What is the greatest common divisor of 21 and n?
3
Let t(x) = -232*x - 13084. Let u be t(-61). Calculate the highest common factor of u and 30.
6
Let p be (-20)/3*6/(-5). Suppose q = p*q - 21. Suppose 8*d = q*d + 160. What is the highest common divisor of d and 256?
32
Let n be 7 + 6 + (1387 - -8). What is the highest common divisor of n and 1664?
128
Let i(f) = 3*f**3 + f**2 - 7*f + 6. Let v be i(2). Let d(b) = b**3 - 21*b**2 + 19*b + 27. Let r be d(v). What is the highest common divisor of r and 84?
7
Let w(m) = 413*m - 3805. Let a be w(10). Suppose x - 14 = 11. What is the highest common divisor of x and a?
25
Let q = 269 - 60. Let f = q + -197. Calculate the highest common divisor of 60 and f.
12
Let a = -744 - -984. Calculate the highest common divisor of 860 and a.
20
Let u(l) = -l**3 - 18*l**2 - 14*l - 72. Let b be u(-20). What is the greatest common factor of 144 and b?
144
Let s = -75 + 207. Suppose -7*b = s - 426. What is the greatest common divisor of 189 and b?
21
Let k = -563 + 577. Calculate the greatest common factor of k and 1218.
14
Let t be (-66)/(9*(26/42)/(-13)). Calculate the greatest common divisor of 1463 and t.
77
Suppose -10615 - 15905 = -130*c. Suppose 5*p + 8*t = 3*t + 145, -3*t + 155 = 5*p. Calculate the greatest common factor of c and p.
34
Let i(n) = n**3 - 7*n**2 + 17*n - 10. Let u be ((-6)/(-9))/((-28)/(-210)). Let o be i(u). Let m be (10/3)/(4/6). What is the highest common divisor of m and o?
5
Let d = 5008 - 4990. Let b be (2/(-4))/((-3)/1674). Calculate the highest common factor of b and d.
9
Let t(i) = i**3 - 8*i**2 + 8*i - 3. Let x be t(7). Let z be -10 + x + 6*7. Calculate the highest common divisor of z and 18.
18
Let n(m) = 16*m + 1. Let t be n(2). Let d(y) = -y**3 - 2*y**2. Let x be d(-2). Suppose x = 2*k - 72 - 16. Calculate the greatest common divisor of t and k.
11
Let t be 22925 + (19/(-114))/(5/60). Calculate the highest common divisor of t and 81.
81
Suppose 0 = -6*d + 2*d - 84. Let i = d + 49. Let m = 126 + 154. Calculate the highest common divisor of m and i.
28
Let t be (646 + -25)/(-27)*-233. Calculate the highest common divisor of 23 and t.
23
Suppose -40*q + 21008 + 21988 = -20044. What is the greatest common factor of 8 and q?
8
Suppose -4*t + z = -t - 351, -5*t + 4*z + 585 = 0. Let f = t + -62. Suppose -7*q + 50 = 3*q. Calculate the highest common factor of q and f.
5
Let v(j) = 2*j**3 + 8*j**2 + 5*j - 3. Let m be v(6). Suppose -3898 - 14364 = -215*x - 417. Calculate the greatest common divisor of m and x.
83
Let a = -900 - -434. Let j = 778 + a. Let f = 32 - -7. Calculate the highest common divisor of j and f.
39
Suppose -26068 = -3*z + 4*u, -5*u + 497 = 487. Calculate the greatest common factor of z and 328.
164
Suppose 6*j = -3*s + 2*j + 28399, -3*s + j = -28409. Calculate the highest common factor of 17 and s.
17
Suppose 4*h - 4*p - 892 = 332, 1546 = 5*h - p. What is the greatest common divisor of 30 and h?
10
Let z = -4616 - -4643. What is the highest common divisor of 387 and z?
9
Let g(m) = 47*m - 756. Let c be g(17). What is the highest common divisor of 13 and c?
1
Let m = -133 - -138. Suppose y = 2*j, 17 = -2*y - m*j + 44. Calculate the greatest common factor of y and 42.
6
Let r be -13 + 46/(-23) + 263. Calculate the highest common factor of 2542 and r.
62
Let a(s) = 4*s**3 + 4*s**2 - 3*s. Let x be a(4). Let z = 413 - x. Calculate the highest common divisor of 15 and z.
15
Let p(c) = -4*c**3 + 632*c**2 - 623*c + 23. Let q be p(157). What is the highest common divisor of 6 and q?
2
Let f(d) = d**3 - d**2 - 59*d + 224. Let s be f(5). What is the highest common factor of 37787 and s?
29
Suppose 15 = -12*j + 39. Suppose -w = -4*c + 67, c + 31 = j*c - 5*w. What is the greatest common divisor of 928 and c?
16
Suppose -34 = -m - 39, 0 = 4*v + 4*m - 556. Suppose 2*d - 5*d - 70 = -4*i, d + 66 = 4*i. Calculate the greatest common divisor of i and v.
16
Let p be -5 + -1 - -9 - -17. Let q(d) = -d - 1. Let h be q(-5). What is the greatest common divisor of p and h?
4
Let o(h) = 99*h + 2. Let c be o(-1). Let f = 100 + c. Suppose 4*k + 0*k - 125 = f*m, -5*m = -5*k + 150. Calculate the greatest common divisor of 10 and k.
5
Let b(a) = a**3 - 20*a**2 + 21*a - 27. Let y be b(19). Suppose 1710 = 29*q - y*q. What is the highest common divisor of 19 and q?
19
Suppose i = 3*i - 6. Suppose 0 = -7*n + i*n + 24. Let m be ((-33)/(-6) - 4)*10. What is the highest common divisor of n and m?
3
Suppose 61*o + 214 = 56 - 147. Let l(s) be the first derivative of 7*s**2/2 + 39*s - 1. Let h be l(o). What is the greatest common factor of 28 and h?
4
Let o = 273 - 280. Let b(m) = 2*m**2 - 7*m - 43. Let a be b(o). What is the highest common factor of a and 24?
8
Let m be 45/2*2/(-5)*-3. Let l(j) = 10*j**2 - m*j - 14*j**2 + 5 + 3*j**2. Let y be l(-22). Calculate the highest common factor of 23 and y.
23
Suppose 4*x + 1 = -v, x + 73 - 26 = 4*v. Let h be (52/4)/(11/v). Calculate the highest co